{"id":8407,"date":"2024-07-15T16:32:48","date_gmt":"2024-07-15T14:32:48","guid":{"rendered":"https:\/\/zirkusquartier.ch\/veranstaltungen\/parole-en-lair\/"},"modified":"2026-04-17T14:59:12","modified_gmt":"2026-04-17T12:59:12","slug":"parole-en-lair","status":"publish","type":"indy-event","link":"https:\/\/zirkusquartier.ch\/en\/events\/parole-en-lair\/","title":{"rendered":"Parole en l&#8217;air"},"content":{"rendered":"\n<div class=\"wp-block-indy-events-innerblock\">\n<p><\/p>\n\n\n\n<figure class=\"wp-block-image size-large is-style-img-fluid\"><img loading=\"lazy\" decoding=\"async\" width=\"1024\" height=\"683\" src=\"https:\/\/zirkusquartier.ch\/wp-content\/uploads\/2024\/07\/web_Aurelia-Thys-1024x683.jpg\" alt=\"\" class=\"wp-image-7728\" srcset=\"https:\/\/zirkusquartier.ch\/wp-content\/uploads\/2024\/07\/web_Aurelia-Thys-1024x683.jpg 1024w, https:\/\/zirkusquartier.ch\/wp-content\/uploads\/2024\/07\/web_Aurelia-Thys-300x200.jpg 300w, https:\/\/zirkusquartier.ch\/wp-content\/uploads\/2024\/07\/web_Aurelia-Thys-768x512.jpg 768w, https:\/\/zirkusquartier.ch\/wp-content\/uploads\/2024\/07\/web_Aurelia-Thys-1536x1024.jpg 1536w, https:\/\/zirkusquartier.ch\/wp-content\/uploads\/2024\/07\/web_Aurelia-Thys-2048x1365.jpg 2048w, https:\/\/zirkusquartier.ch\/wp-content\/uploads\/2024\/07\/web_Aurelia-Thys-380x253.jpg 380w\" sizes=\"auto, (max-width: 1024px) 100vw, 1024px\" \/><figcaption class=\"wp-element-caption\">Photo: Aurelia Thys<\/figcaption><\/figure>\n\n\n\n<h5 class=\"wp-block-heading\">Parole en l&#8217;air<\/h5>\n\n\n\n<p><em>What would it be like if we were on first-name terms with strangers? What would it be like to eat the last cookie out of the packet? What would it be like to give orders to your superior? What if you wore a suit for sport? What if the boys wore long blonde wigs and mini lederhosen? What if you had nothing to say but did it anyway?     <\/em><\/p>\n\n\n\n<p>The duo GingerMoustache explores the boundaries of what is acceptable. &#8220;Parole en l&#8217;air&#8221; is a profoundly lively show that manages without music or elaborate gimmicks: two people on stage playing with words, social codes and their humanity. <br\/>Two fundamentally different personalities that unite wonderfully in the world of circus arts. The duo GingerMoustache not only offers an impressive technical performance, but is also characterized by the complicity and quality of interaction between its two members. <br\/>Between two light-footed tirades, a deeper intention sometimes creeps in that goes beyond mere humor: under its witty, playful mask, <em>Parole en l&#8217;air <\/em>implicitly positions itself as pro-ecological, feminist and encourages self-acceptance and acceptance of others. A committed performance that conveys messages without taking itself too seriously.  <\/p>\n\n\n\n<p><em>The play was created in co-production with the Casino Th\u00e9\u00e2tre de Rolle.<\/em><\/p>\n\n\n\n<h5 class=\"wp-block-heading\">duo GingerMoustache<\/h5>\n\n\n\n<div class=\"wp-block-columns is-layout-flex wp-container-core-columns-is-layout-9d6595d7 wp-block-columns-is-layout-flex\">\n<div class=\"wp-block-column is-vertically-aligned-top is-layout-flow wp-block-column-is-layout-flow\" style=\"flex-basis:33.33%\">\n<figure class=\"wp-block-image size-large is-resized is-style-img-fluid\"><img loading=\"lazy\" decoding=\"async\" width=\"819\" height=\"1024\" src=\"https:\/\/zirkusquartier.ch\/wp-content\/uploads\/2024\/07\/web_Portrait_parole_en_lair08-scaled-1-819x1024.jpg\" alt=\"\" class=\"wp-image-7731\" style=\"width:296px;height:auto\" srcset=\"https:\/\/zirkusquartier.ch\/wp-content\/uploads\/2024\/07\/web_Portrait_parole_en_lair08-scaled-1-819x1024.jpg 819w, https:\/\/zirkusquartier.ch\/wp-content\/uploads\/2024\/07\/web_Portrait_parole_en_lair08-scaled-1-240x300.jpg 240w, https:\/\/zirkusquartier.ch\/wp-content\/uploads\/2024\/07\/web_Portrait_parole_en_lair08-scaled-1-768x960.jpg 768w, https:\/\/zirkusquartier.ch\/wp-content\/uploads\/2024\/07\/web_Portrait_parole_en_lair08-scaled-1-1229x1536.jpg 1229w, https:\/\/zirkusquartier.ch\/wp-content\/uploads\/2024\/07\/web_Portrait_parole_en_lair08-scaled-1.jpg 1315w\" sizes=\"auto, (max-width: 819px) 100vw, 819px\" \/><\/figure>\n<\/div>\n\n\n\n<div class=\"wp-block-column is-vertically-aligned-top is-layout-flow wp-block-column-is-layout-flow\" style=\"flex-basis:66.66%\">\n<p class=\"has-small-font-size\">Calou Rais and Sophie Nusbaumer come from the Swiss Jura. They specialize in hand-on-hand acrobatics and<em> jeux icariens<\/em> and form the duo GingerMoustache.<br\/>They were introduced to the circus arts at the age of 5 and 7 at Circosph\u00e8re in Del\u00e9mont. Both artists continued their training at ACaPA in the Netherlands.<br\/>After completing their bachelor&#8217;s degree in June 2021, they set about creating a duo show entitled &#8220;Parole en l&#8217;air&#8221;. After several work phases in the Netherlands, Belgium, France and Switzerland, their premiere took place on September 2, 2022 at the Casino Th\u00e9\u00e2tre de Rolle (as a co-production). In 2023, they took part in the 10th season of Midi Th\u00e9\u00e2tre in French-speaking Switzerland. In parallel, the duo will perform the premiere of the German version of &#8220;Parole en l&#8217;air&#8221; on November 5, 2023 at Station Circus in Basel.     <\/p>\n\n\n\n<p><\/p>\n\n\n\n<p><\/p>\n<\/div>\n<\/div>\n\n\n\n<h5 class=\"wp-block-heading\">Trailer: Parole en l&#8217;air<\/h5>\n\n\n\n<figure class=\"wp-block-embed is-type-video is-provider-youtube wp-block-embed-youtube wp-embed-aspect-16-9 wp-has-aspect-ratio\"><div class=\"wp-block-embed__wrapper\">\n<iframe loading=\"lazy\" title=\"Teaser &quot;Parole en l&#039;air&quot;\" width=\"500\" height=\"281\" src=\"https:\/\/www.youtube.com\/embed\/HaEZO86f2X4?start=2&#038;feature=oembed\" frameborder=\"0\" allow=\"accelerometer; autoplay; clipboard-write; encrypted-media; gyroscope; picture-in-picture; web-share\" referrerpolicy=\"strict-origin-when-cross-origin\" allowfullscreen><\/iframe>\n<\/div><\/figure>\n\n\n<section id=\"\" class=\"sectionblock \" >\n  <div class=\"section-inner\">\n    <div class=\"container-lg\">\n      \n\n<h5 class=\"wp-block-heading\"><strong>Audience information<\/strong><\/h5>\n\n\n\n<p><strong>This show is part of the ZirQus 2024 festival. You can find all information about the festival <a href=\"https:\/\/zirkusquartier.ch\/festival-zirqus\/\">here<\/a>. <\/strong><\/p>\n\n\n\n<p><strong>Hat collection: <\/strong>The show is based on hat collection. This means that there will be a collection after the show and you decide your ticket price (cash or twint).<\/p>\n\n\n\n<p><strong>Free choice of seats:<\/strong> please arrive 10 minutes in advance.<\/p>\n\n\n\n<p><strong>Wheelchair accessibility: <\/strong>The Zirkusquartier is wheelchair accessible. You can find more information <a href=\"https:\/\/zirkusquartier.ch\/en\/contact-us\/\">here<\/a>.<\/p>\n\n\n\n<p><strong>Age:<\/strong> Please note the age information.<\/p>\n\n\n    <\/div>\n  <\/div>\n<\/section>\n\n\n<section id=\"\" class=\"sectionblock \" >\n  <div class=\"section-inner\">\n    <div class=\"container-lg\">\n      \n\n<h5 class=\"wp-block-heading\"><strong>The ZirQus 2024 festival is supported by:<\/strong><\/h5>\n\n\n\n<div style=\"height:20px\" aria-hidden=\"true\" class=\"wp-block-spacer\"><\/div>\n\n\n<section class=\"content--supporter-logos supporter-logos\">\n  <div class=\"row\">\n          <div class=\"col-lg-3 col-sm-6 col-12 d-flex align-items-top\">\n        <a href=\"https:\/\/www.zh.ch\/de\/direktion-der-justiz-und-des-innern\/fachstelle-kultur.html\" target=\"_blank\">\n          <img decoding=\"async\" src=\"\" class=\"img-fluid \" alt=\"\">\n        <\/a>\n      <\/div>\n          <div class=\"col-lg-3 col-sm-6 col-12 d-flex align-items-top\">\n        <a href=\"https:\/\/www.stadt-zuerich.ch\/prd\/de\/index\/kultur.html\" target=\"_blank\">\n          <img decoding=\"async\" src=\"https:\/\/zirkusquartier.ch\/wp-content\/uploads\/2023\/01\/logo_stzh_ktr_rgb_blau_digital-e1755595346433.png\" class=\"img-fluid \" alt=\"\">\n        <\/a>\n      <\/div>\n          <div class=\"col-lg-3 col-sm-6 col-12 d-flex align-items-top\">\n        <a href=\"https:\/\/engagement.migros.ch\/de\/kulturprozent\" target=\"_blank\">\n          <img decoding=\"async\" src=\"https:\/\/zirkusquartier.ch\/wp-content\/uploads\/2023\/04\/logo-migros-kulturprozent-rgb-de.png\" class=\"img-fluid \" alt=\"\">\n        <\/a>\n      <\/div>\n          <div class=\"col-lg-3 col-sm-6 col-12 d-flex align-items-top\">\n        <a href=\"https:\/\/prohelvetia.ch\/de\/\" target=\"_blank\">\n          <img decoding=\"async\" src=\"https:\/\/zirkusquartier.ch\/wp-content\/uploads\/2023\/01\/logo-prohelvetia-en.png\" class=\"img-fluid \" alt=\"\">\n        <\/a>\n      <\/div>\n          <div class=\"col-lg-3 col-sm-6 col-12 d-flex align-items-top\">\n        <a href=\"https:\/\/www.oertlistiftung.ch\/\" target=\"_blank\">\n          <img decoding=\"async\" src=\"https:\/\/zirkusquartier.ch\/wp-content\/uploads\/2023\/07\/logo-oertlistiftung-e1690384199551.webp\" class=\"img-fluid \" alt=\"\">\n        <\/a>\n      <\/div>\n      <\/div>\n<\/section>\n\n\n    <\/div>\n  <\/div>\n<\/section>\n<\/div>\n","protected":false},"excerpt":{"rendered":"","protected":false},"author":7,"featured_media":7730,"parent":0,"template":"","meta":{"_acf_changed":false,"location":"","footnotes":""},"category":[37],"level":[],"age_group":[],"class_list":["post-8407","indy-event","type-indy-event","status-publish","has-post-thumbnail","hentry","category-show-en"],"acf":[],"_links":{"self":[{"href":"https:\/\/zirkusquartier.ch\/en\/wp-json\/wp\/v2\/indy-event\/8407","targetHints":{"allow":["GET"]}}],"collection":[{"href":"https:\/\/zirkusquartier.ch\/en\/wp-json\/wp\/v2\/indy-event"}],"about":[{"href":"https:\/\/zirkusquartier.ch\/en\/wp-json\/wp\/v2\/types\/indy-event"}],"author":[{"embeddable":true,"href":"https:\/\/zirkusquartier.ch\/en\/wp-json\/wp\/v2\/users\/7"}],"version-history":[{"count":5,"href":"https:\/\/zirkusquartier.ch\/en\/wp-json\/wp\/v2\/indy-event\/8407\/revisions"}],"predecessor-version":[{"id":25286,"href":"https:\/\/zirkusquartier.ch\/en\/wp-json\/wp\/v2\/indy-event\/8407\/revisions\/25286"}],"wp:featuredmedia":[{"embeddable":true,"href":"https:\/\/zirkusquartier.ch\/en\/wp-json\/wp\/v2\/media\/7730"}],"wp:attachment":[{"href":"https:\/\/zirkusquartier.ch\/en\/wp-json\/wp\/v2\/media?parent=8407"}],"wp:term":[{"taxonomy":"category","embeddable":true,"href":"https:\/\/zirkusquartier.ch\/en\/wp-json\/wp\/v2\/category?post=8407"},{"taxonomy":"level","embeddable":true,"href":"https:\/\/zirkusquartier.ch\/en\/wp-json\/wp\/v2\/level?post=8407"},{"taxonomy":"age_group","embeddable":true,"href":"https:\/\/zirkusquartier.ch\/en\/wp-json\/wp\/v2\/age_group?post=8407"}],"curies":[{"name":"wp","href":"https:\/\/api.w.org\/{rel}","templated":true}]}}

<div class="wp-block-indy-events-innerblock">
<p></p>



<figure class="wp-block-image size-large is-style-img-fluid"><img loading="lazy" decoding="async" width="1024" height="683" src="https://zirkusquartier.ch/wp-content/uploads/2024/07/web_Aurelia-Thys-1024x683.jpg" alt="" class="wp-image-7728" srcset="https://zirkusquartier.ch/wp-content/uploads/2024/07/web_Aurelia-Thys-1024x683.jpg 1024w, https://zirkusquartier.ch/wp-content/uploads/2024/07/web_Aurelia-Thys-300x200.jpg 300w, https://zirkusquartier.ch/wp-content/uploads/2024/07/web_Aurelia-Thys-768x512.jpg 768w, https://zirkusquartier.ch/wp-content/uploads/2024/07/web_Aurelia-Thys-1536x1024.jpg 1536w, https://zirkusquartier.ch/wp-content/uploads/2024/07/web_Aurelia-Thys-2048x1365.jpg 2048w, https://zirkusquartier.ch/wp-content/uploads/2024/07/web_Aurelia-Thys-380x253.jpg 380w" sizes="auto, (max-width: 1024px) 100vw, 1024px" /><figcaption class="wp-element-caption">Photo: Aurelia Thys</figcaption></figure>



<h5 class="wp-block-heading">Parole en l&#8217;air</h5>



<p><em>What would it be like if we were on first-name terms with strangers? What would it be like to eat the last cookie out of the packet? What would it be like to give orders to your superior? What if you wore a suit for sport? What if the boys wore long blonde wigs and mini lederhosen? What if you had nothing to say but did it anyway?     </em></p>



<p>The duo GingerMoustache explores the boundaries of what is acceptable. &#8220;Parole en l&#8217;air&#8221; is a profoundly lively show that manages without music or elaborate gimmicks: two people on stage playing with words, social codes and their humanity. <br/>Two fundamentally different personalities that unite wonderfully in the world of circus arts. The duo GingerMoustache not only offers an impressive technical performance, but is also characterized by the complicity and quality of interaction between its two members. <br/>Between two light-footed tirades, a deeper intention sometimes creeps in that goes beyond mere humor: under its witty, playful mask, <em>Parole en l&#8217;air </em>implicitly positions itself as pro-ecological, feminist and encourages self-acceptance and acceptance of others. A committed performance that conveys messages without taking itself too seriously.  </p>



<p><em>The play was created in co-production with the Casino Théâtre de Rolle.</em></p>



<h5 class="wp-block-heading">duo GingerMoustache</h5>



<div class="wp-block-columns is-layout-flex wp-container-core-columns-is-layout-9d6595d7 wp-block-columns-is-layout-flex">
<div class="wp-block-column is-vertically-aligned-top is-layout-flow wp-block-column-is-layout-flow" style="flex-basis:33.33%">
<figure class="wp-block-image size-large is-resized is-style-img-fluid"><img loading="lazy" decoding="async" width="819" height="1024" src="https://zirkusquartier.ch/wp-content/uploads/2024/07/web_Portrait_parole_en_lair08-scaled-1-819x1024.jpg" alt="" class="wp-image-7731" style="width:296px;height:auto" srcset="https://zirkusquartier.ch/wp-content/uploads/2024/07/web_Portrait_parole_en_lair08-scaled-1-819x1024.jpg 819w, https://zirkusquartier.ch/wp-content/uploads/2024/07/web_Portrait_parole_en_lair08-scaled-1-240x300.jpg 240w, https://zirkusquartier.ch/wp-content/uploads/2024/07/web_Portrait_parole_en_lair08-scaled-1-768x960.jpg 768w, https://zirkusquartier.ch/wp-content/uploads/2024/07/web_Portrait_parole_en_lair08-scaled-1-1229x1536.jpg 1229w, https://zirkusquartier.ch/wp-content/uploads/2024/07/web_Portrait_parole_en_lair08-scaled-1.jpg 1315w" sizes="auto, (max-width: 819px) 100vw, 819px" /></figure>
</div>



<div class="wp-block-column is-vertically-aligned-top is-layout-flow wp-block-column-is-layout-flow" style="flex-basis:66.66%">
<p class="has-small-font-size">Calou Rais and Sophie Nusbaumer come from the Swiss Jura. They specialize in hand-on-hand acrobatics and<em> jeux icariens</em> and form the duo GingerMoustache.<br/>They were introduced to the circus arts at the age of 5 and 7 at Circosphère in Delémont. Both artists continued their training at ACaPA in the Netherlands.<br/>After completing their bachelor&#8217;s degree in June 2021, they set about creating a duo show entitled &#8220;Parole en l&#8217;air&#8221;. After several work phases in the Netherlands, Belgium, France and Switzerland, their premiere took place on September 2, 2022 at the Casino Théâtre de Rolle (as a co-production). In 2023, they took part in the 10th season of Midi Théâtre in French-speaking Switzerland. In parallel, the duo will perform the premiere of the German version of &#8220;Parole en l&#8217;air&#8221; on November 5, 2023 at Station Circus in Basel.     </p>



<p></p>



<p></p>
</div>
</div>



<h5 class="wp-block-heading">Trailer: Parole en l&#8217;air</h5>



<figure class="wp-block-embed is-type-video is-provider-youtube wp-block-embed-youtube wp-embed-aspect-16-9 wp-has-aspect-ratio"><div class="wp-block-embed__wrapper">
<iframe loading="lazy" title="Teaser &quot;Parole en l&#039;air&quot;" width="500" height="281" src="https://www.youtube.com/embed/HaEZO86f2X4?start=2&#038;feature=oembed" frameborder="0" allow="accelerometer; autoplay; clipboard-write; encrypted-media; gyroscope; picture-in-picture; web-share" referrerpolicy="strict-origin-when-cross-origin" allowfullscreen></iframe>
</div></figure>


<section id="" class="sectionblock " >
  <div class="section-inner">
    <div class="container-lg">
      

<h5 class="wp-block-heading"><strong>Audience information</strong></h5>



<p><strong>This show is part of the ZirQus 2024 festival. You can find all information about the festival <a href="https://zirkusquartier.ch/festival-zirqus/">here</a>. </strong></p>



<p><strong>Hat collection: </strong>The show is based on hat collection. This means that there will be a collection after the show and you decide your ticket price (cash or twint).</p>



<p><strong>Free choice of seats:</strong> please arrive 10 minutes in advance.</p>



<p><strong>Wheelchair accessibility: </strong>The Zirkusquartier is wheelchair accessible. You can find more information <a href="https://zirkusquartier.ch/en/contact-us/">here</a>.</p>



<p><strong>Age:</strong> Please note the age information.</p>


    </div>
  </div>
</section>


<section id="" class="sectionblock " >
  <div class="section-inner">
    <div class="container-lg">
      

<h5 class="wp-block-heading"><strong>The ZirQus 2024 festival is supported by:</strong></h5>



<div style="height:20px" aria-hidden="true" class="wp-block-spacer"></div>


<section class="content--supporter-logos supporter-logos">
  <div class="row">
          <div class="col-lg-3 col-sm-6 col-12 d-flex align-items-top">
        <a href="https://www.zh.ch/de/direktion-der-justiz-und-des-innern/fachstelle-kultur.html" target="_blank">
          <img decoding="async" src="" class="img-fluid " alt="">
        </a>
      </div>
          <div class="col-lg-3 col-sm-6 col-12 d-flex align-items-top">
        <a href="https://www.stadt-zuerich.ch/prd/de/index/kultur.html" target="_blank">
          <img decoding="async" src="https://zirkusquartier.ch/wp-content/uploads/2023/01/logo_stzh_ktr_rgb_blau_digital-e1755595346433.png" class="img-fluid " alt="">
        </a>
      </div>
          <div class="col-lg-3 col-sm-6 col-12 d-flex align-items-top">
        <a href="https://engagement.migros.ch/de/kulturprozent" target="_blank">
          <img decoding="async" src="https://zirkusquartier.ch/wp-content/uploads/2023/04/logo-migros-kulturprozent-rgb-de.png" class="img-fluid " alt="">
        </a>
      </div>
          <div class="col-lg-3 col-sm-6 col-12 d-flex align-items-top">
        <a href="https://prohelvetia.ch/de/" target="_blank">
          <img decoding="async" src="https://zirkusquartier.ch/wp-content/uploads/2023/01/logo-prohelvetia-en.png" class="img-fluid " alt="">
        </a>
      </div>
          <div class="col-lg-3 col-sm-6 col-12 d-flex align-items-top">
        <a href="https://www.oertlistiftung.ch/" target="_blank">
          <img decoding="async" src="https://zirkusquartier.ch/wp-content/uploads/2023/07/logo-oertlistiftung-e1690384199551.webp" class="img-fluid " alt="">
        </a>
      </div>
      </div>
</section>


    </div>
  </div>
</section>
</div>
